s of 1071353848?
2, 133919231
What are the prime factors of 2398226812?
2, 5153, 116351
What are the prime factors of 208305592?
2, 11, 1153, 2053
List the prime factors of 70731179.
70731179
List the prime factors of 147505292.
2, 11, 304763
What are the prime factors of 28628771?
29, 987199
What are the prime factors of 564236482?
2, 282118241
List the prime factors of 369100634.
2, 7, 17, 221549
What are the prime factors of 303551868?
2, 3, 467, 54167
List the prime factors of 52937523.
3, 1960649
List the prime factors of 24695075.
5, 987803
What are the prime factors of 45299041?
45299041
List the prime factors of 5757672401.
13, 83, 5336119
List the prime factors of 3188806263.
3, 17, 20841871
List the prime factors of 1171335343.
17, 68902079
List the prime factors of 50938485.
3, 5, 13, 261223
List the prime factors of 716392082.
2, 7, 31, 1650673
What are the prime factors of 263188683?
3, 149, 2423
What are the prime factors of 26020284?
2, 3, 31, 113, 619
List the prime factors of 19285266.
2, 3, 7, 11, 13, 19
List the prime factors of 1615479074.
2, 11, 73430867
What are the prime factors of 1587549737?
1587549737
List the prime factors of 39867673.
3943, 10111
What are the prime factors of 237942612?
2, 3, 6609517
List the prime factors of 604441329.
3, 733, 274871
What are the prime factors of 26512281?
3, 41, 71849
What are the prime factors of 75099037?
13, 127, 3499
List the prime factors of 11578376.
2, 31, 46687
List the prime factors of 208674769.
2203, 94723
What are the prime factors of 141866329?
11, 103, 11383
What are the prime factors of 59930202?
2, 3, 17, 587551
List the prime factors of 238719246.
2, 3, 311, 127931
What are the prime factors of 443366374?
2, 11, 41, 491537
List the prime factors of 31937157.
3, 7, 19, 26681
What are the prime factors of 154062290?
2, 5, 653, 23593
What are the prime factors of 254051076?
2, 3, 31, 682933
List the prime factors of 1810424411.
397, 4560263
List the prime factors of 907280241.
3, 7, 23, 269, 6983
List the prime factors of 3361908.
2, 3, 11, 25469
List the prime factors of 24767172.
2, 3, 687977
What are the prime factors of 5504708300?
2, 5, 7, 13, 37, 16349
What are the prime factors of 35597935?
5, 29, 383, 641
What are the prime factors of 31478147?
31478147
What are the prime factors of 2200522632?
2, 3, 7, 11, 173, 6883
What are the prime factors of 18031806?
2, 3, 13, 263, 293
List the prime factors of 2634268974.
2, 3, 1847, 237707
List the prime factors of 55299094.
2, 223, 123989
List the prime factors of 3622037.
17, 83, 151
What are the prime factors of 170493835?
5, 113, 301759
List the prime factors of 2695888173.
3, 11, 81693581
List the prime factors of 64634606.
2, 32317303
What are the prime factors of 104550961?
2339, 44699
What are the prime factors of 1776447292?
2, 3719, 119417
What are the prime factors of 3576564206?
2, 1788282103
List the prime factors of 294427595.
5, 7, 11, 157, 4871
List the prime factors of 888712128.
2, 3, 17, 30253
List the prime factors of 13215801.
3, 4405267
What are the prime factors of 1462645142?
2, 7, 104474653
List the prime factors of 257211432.
2, 3, 1667, 2143
List the prime factors of 119623818.
2, 3, 19937303
What are the prime factors of 2427549950?
2, 5, 7, 23, 43, 7013
What are the prime factors of 376389580?
2, 5, 7, 433, 887
What are the prime factors of 543005583?
3, 571, 316991
List the prime factors of 551024884.
2, 67, 397, 5179
What are the prime factors of 39539359?
39539359
What are the prime factors of 91910871?
3, 13, 109, 7207
What are the prime factors of 2698411767?
3, 12583, 71483
What are the prime factors of 317180283?
3, 7, 59, 36571
What are the prime factors of 30875134?
2, 163, 94709
List the prime factors of 42213605.
5, 7, 139, 8677
List the prime factors of 2105591989.
19, 110820631
What are the prime factors of 80395992?
2, 3, 17, 19, 3457
List the prime factors of 70551806.
2, 13, 2713531
What are the prime factors of 39998157?
3, 13332719
What are the prime factors of 4465935806?
2, 23, 89, 1090849
List the prime factors of 143139165.
3, 5, 13, 734047
What are the prime factors of 7758912215?
5, 1551782443
List the prime factors of 168361202.
2, 84180601
List the prime factors of 72276259.
11, 53, 123973
List the prime factors of 428851019.
428851019
What are the prime factors of 83331388?
2, 7, 607, 4903
List the prime factors of 3946230068.
2, 11, 2963, 30269
What are the prime factors of 323189088?
2, 3, 19, 167, 1061
List the prime factors of 3329992477.
7, 475713211
List the prime factors of 69373083.
3, 13, 23, 77339
List the prime factors of 86600637.
3, 3207431
List the prime factors of 10531386.
2, 3, 585077
List the prime factors of 460192058.
2, 1931, 119159
List the prime factors of 1442733044.
2, 360683261
What are the prime factors of 797988955?
5, 5479, 29129
What are the prime factors of 1002643674?
2, 3, 2999, 55721
What are the prime factors of 20111093?
20111093
What are the prime factors of 416883982?
2, 41, 173, 29387
What are the prime factors of 9796263063?
3, 23, 47, 59, 51199
What are the prime factors of 4067546?
2, 7, 290539
What are the prime factors of 208665999?
3, 19, 167, 7307
List the prime factors of 369679800.
2, 3, 5, 7, 88019
What are the prime factors of 35815786?
2, 47, 381019
What are the prime factors of 45133512?
2, 3, 19, 29, 3413
What are the prime factors of 604475541?
3, 31, 67, 3593
List the prime factors of 700943549.
83, 1559, 5417
List the prime factors of 588372098.
2, 241, 1220689
List the prime factors of 4419698435.
5, 293, 3016859
List the prime factors of 493498462.
2, 246749231
What are the prime factors of 702477397?
702477397
What are the prime factors of 312345662?
2, 156172831
What are the prime factors of 88458503?
7, 3121, 4049
What are the prime factors of 160398844?
2, 151, 265561
What are the prime factors of 41923939?
41923939
List the prime factors of 268828848.
2, 3, 307, 2027
What are the prime factors of 150406033?
19, 7916107
List the prime factors of 78630054.
2, 3, 23, 137, 4159
What are the prime factors of 86467753?
86467753
What are the prime factors of 8384814?
2, 3, 19, 24517
List the prime factors of 10606775.
5, 424271
What are the prime factors of 1448743?
1448743
List the prime factors of 58062340.
2, 5, 7, 414731
List the prime factors of 53768963.
23, 43, 54367
What are the prime factors of 363131895?
3, 5, 7, 19, 26003
What are the prime factors of 3669954?
2, 3, 229, 2671
List the prime factors of 734395008.
2, 3, 1912487
List the prime factors of 1766407366.
2, 883203683
List the prime factors of 6255397.
31, 201787
List the prime factors of 1070025088.
2, 11, 759961
List the prime factors of 880461273.
3, 19, 71, 217559
List the prime factors of 700030007.
389, 1799563
What are the prime factors of 4039469920?
2, 5, 19, 431, 3083
List the prime factors of 784957818.
2, 3, 2267, 57709
List the prime factors of 168878492.
2, 73, 211, 2741
What are the prime factors of 471459554?
2, 29, 280297
List the prime factors of 5169208496.
2, 17, 41, 463523
What are the prime factors of 2302144388?
2, 67, 683, 12577
What are the prime factors of 175774444?
2, 103, 426637
What are the prime factors of 34405169?
34405169
What are the prime factors of 351289528?
2, 29, 1514179
List the prime factors of 85102971.
3, 83, 131, 2609
What are the prime factors of 224908015?
5, 37, 1215719
List the prime factors of 571788832.
2, 23, 776887
List the prime factors of 1083506442.
2, 3, 73, 2473759
List the prime factors of 1282076818.
2, 11, 58276219
List the prime factors of 13259222.
2, 43, 53, 2909
List the prime factors of 46789384.
2, 5848673
What are the prime factors of 113180915?
5, 233, 97151
List the prime factors of 550176894.
2, 3, 10188461
What are the prime factors of 47431354?
2, 23715677
List the prime factors of 125090972.
2, 31272743
List the prime factors of 25796073.
3, 8598691
List the prime factors of 61310279.
17, 3606487
List the prime factors of 16443218.
2, 11, 79, 9461
List the prime factors of 250365565.
5, 19, 43, 167, 367
What are the prime factors of 157811766?
2, 3, 7, 3757423
List the prime factors of 34169022.
2, 3, 1898279
What are the prime factors of 347593620?
2, 3, 5, 11,